 - 44) - 9.
-8
Calculate -11 + 4 + (6 - -1) + -1.
-1
What is the value of -8 - ((-5 - -6) + -7)?
-2
What is the value of -10 + (-5 + 3 - -7)?
-5
(7 - (-4 + 9)) + 0
2
Calculate (6 + 0 - 3) + (-2 - 4).
-3
(3 - (1 + 3 + -2)) + 2
3
What is the value of 8 + -5 + 5 + -7?
1
-5 + 1 + -2 + 1
-5
Evaluate 0 - -1 - (-3 + 2 + 3).
-1
Evaluate -4 - (3 + (-4 - 4)).
1
Calculate -8 - (-5 - (0 + 9)).
6
Calculate (-9 - (-8 - -9)) + 6.
-4
What is the value of 5 - ((0 - -2) + 3)?
0
Evaluate -54 + 71 - (8 + (-2 - -3)).
8
What is the value of (1 - (3 - 2 - 3)) + 0?
3
Calculate -5 + -3 + (4 - -4).
0
Evaluate 16 + -7 - 10 - 9.
-10
What is -1 + 5 + 5 + -6 + -7?
-4
What is the value of -2 - (5 + -6 + -5)?
4
Calculate 1 + (-9 - -11) + (2 - 8).
-3
What is the value of (6 + -3 - 6) + 3 + -1?
-1
What is -6 - -4 - -5 - (0 - -6)?
-3
Calculate 6 - 5 - -7 - 1.
7
What is (-11 - (4 + -3)) + 10?
-2
-6 - (-3 - ((1 - 5) + 1))
-6
What is -7 - (7 + -1 + -3) - -6?
-4
1 + (-3 - -9) + -5
2
Evaluate (-3 + 1 - (24 + -29)) + -3.
0
Calculate (-1 - -1 - (4 + -14)) + -4.
6
Calculate (1 - -5) + -2 + -1 + 2.
5
Calculate 2 + -1 + 5 + -1.
5
(7 - 6 - 4) + 0
-3
-3 - -5 - -3 - 12
-7
Evaluate 5 + -6 + -4 - 1 - -4.
-2
Calculate -3 + (2 - 1) + -27 + 21.
-8
What is 6 - (5 - 2 - -3)?
0
What is the value of -5 + -6 + 5 + 4?
-2
What is the value of 3 + -7 + -6 + 9 + -6?
-7
What is the value of (-4 - -8) + 8 + -8?
4
What is the value of 5 + 0 + -59 + 60?
6
What is -2 + 1 - (-116 - -114)?
1
Calculate 6 + (1 - 5) + -4 + 3.
1
6 - (6 + (-6 - -12))
-6
(0 - 0) + -2 + 8 + -1
5
What is 4 + 1 + -5 + 4?
4
What is the value of 6 - 2 - 0 - -4 - 3?
5
What is the value of -10 + 6 - (-6 - -7)?
-5
Calculate 0 + (-5 + 13 + -4 - 5).
-1
What is the value of (6 - 12) + (4 - -1)?
-1
What is the value of -2 + 3 - (12 - 11) - 0?
0
What is the value of (6 - 6 - 3) + -1?
-4
-4 + -3 - -1 - (-1 + 0)
-5
What is the value of -36 + 29 - (-1 + -3)?
-3
Evaluate 3 - (4 - 4) - 8.
-5
Calculate -2 + -1 + (0 - 0) + 2.
-1
What is the value of -3 - (-3 - (-4 - (2 - 3)))?
-3
What is the value of (-7 - -6) + 1 + 0 + 0?
0
Evaluate 1 + (-2 - (-3 - (-3 + 1))).
0
What is the value of -4 - 6 - (-5 - 9)?
4
What is 0 + -2 + 4 - (-4 + 10)?
-4
What is the value of 4 + -11 + 0 + -1 - -3?
-5
What is 2 + -8 + -5 + 10?
-1
What is 4 + (-7 + 3 - 3)?
-3
Evaluate -32 + 19 + 8 + 1.
-4
Evaluate (-9 - -14 - -5) + -4.
6
Calculate -1 + -2 - (4 + -1 + -8).
2
Calculate -6 + -2 + (3 - -3).
-2
14 - 16 - (0 + 0)
-2
(1 - -3 - 6) + -5
-7
What is the value of -1 - (6 + -3 + -12 + 6)?
2
(-1 - -3) + -11 + 6
-3
What is the value of -12 - (-33 + 0 - -12)?
9
What is the value of -7 + 3 - -10 - (13 + -1)?
-6
What is (2 + -1 - (-3 - -2)) + -3?
-1
-13 - -17 - (3 + -4 - 1)
6
Evaluate (-1 - -7 - 7) + (3 - -1).
3
4 - (6 - (2 + (-5 - -4)))
-1
(1 - 7) + (3 - 6) + 4
-5
Evaluate (37 - 27) + (-1 - 4).
5
Calculate (2 - 2) + 3 + (-72 - -67).
-2
What is 2 - (-1 - (4 + -12 - -2))?
-3
-3 + 0 + (1 + 1 - 6)
-7
Calculate -9 + 5 - (-4 + -1).
1
Calculate 1 + -5 - (-2 + -2 + 2).
-2
What is the value of -6 + -4 + 6 + 9?
5
Calculate (6 - (0 + 2)) + -7.
-3
Evaluate -7 + -12 + 19 + -1 + 5.
4
Calculate 2 + -3 + 43 + -42.
0
-10 + 12 + -4 + -3 - 4
-9
(12 - 2) + -15 + 13
8
What is 0 + 0 + (-1 - -5 - 2)?
2
What is the value of (12 - 6 - -1) + -10?
-3
What is the value of 0 + -1 + -3 + 10?
6
What is 3 - 4 - -6 - (-1 + 5)?
1
Evaluate 9 + 1 - (8 + 0).
2
What is the value of -3 - (-7 + 3) - (22 - 21)?
0
What is the value of -4 - (-7 + 4) - -5?
4
1 - (2 - (0 - -1))
0
Calculate -1 - -2 - (8 + (1 - 11)).
3
What is 0 + -6 + (-7 - (-7 + 0))?
-6
What is 45 + -55 - (-8 - -2)?
-4
Calculate -9 - (1 - (-6 - (-6 - 5))).
-5
Calculate (6 - 12 - (-1 - 0)) + 9.
4
What is the value of -5 - (-1 + 0 + -4 + 1)?
-1
(-2 - 1 - -1) + -21 + 27
4
What is -8 - (3 + -6 - (-1 - 0))?
-6
What is the value of 3 + (-1 - (-2 - -4 - 4))?
4
Calculate -4 - (-12 + 0) - (3 - 0).
5
Calculate -4 + (6 - (1 + 7)) - -11.
5
What is 6 + -2 + -5 - 7 - -1?
-7
What is 1 + -7 + (-2 - (4 + -10))?
-2
(8 + -8 - 1) + -2 + -7
-10
-1 + -3 + 4 + (-4 - 1)
-5
Evaluate 7 - 10 - -5 - (4 - 3).
1
Calculate 14 + -4 + -1 + -9.
0
Evaluate -6 + 3 + 1 - (3 + -1).
-4
Evaluate (-6 - -8) + (6 - 3) + -6.
-1
Evaluate 4 - 7 - -1 - 0 - 3.
-5
-5 + -5 + 2 + 5 - -2
-1
What is the value of 0 - 3 - -2 - (4 + -14)?
9
What is the value of (-6 + 8 - (7 + -1)) + 3?
-1
What is the value of 10 - 1 - (7 + 4 - 3)?
1
Calculate 7 + 4 + -1 + -10 + 7.
7
What is the value of -3 + (4 - 0) - -1?
2
Calculate 0 + 11 - ((-2 - -4) + 6).
3
-2 + 3 + -2 + 0
-1
What is the value of (-2 - -2) + 2 + -2?
0
(0 - 0) + (24 - 25) + 4
3
What is -7 + (-1 - (-2 - 0)) - -7?
1
-10 + 10 - (-6 + 3)
3
Calculate -1 - 3 - (11 + -14).
-1
What is -4 - (-8 + -3 + 5 - -5)?
-3
What is the value of 6 + -6 + (-8 - -3)?
-5
Calculate -3 + (2 - 6 - -11).
4
What is (-8 + 4 - -3) + 1?
0
5 + -5 + 1 + -1
0
What is the value of (1 - 2) + -1 - -6?
4
Evaluate -4 + 3 - (8 + -8).
-1
What is the value of -2 + 10 + (-3 - (0 + 1))?
4
Evaluate -1 - (-1 + 2 + (-1 - 2)).
1
(-6 - -7) + -1 - -3
3
What is (1 - (-10 + 2)) + -9?
0
Evaluate 1 - (-4 + 7 + -4).
2
Calculate (-2 - 1) + (-5 - -9).
1
Evaluate (24 + -25 - (-7 + -1)) + -14.
-7
What is the value of 3 - (7 - -1) - (6 + -6)?
-5
-3 + (3 - (4 + -1)) + 8
5
What is 6 - (-8 - -18) - -9?
5
What is the value of 1 + 1 - (-4 - 8 - -7)?
7
Calculate 44 - 47 - (-9 + 1).
5
What is -4 + -1 + 5 - (2 - 0)?
-2
(-6 - -6) + -2 - (2 - 6)
2
Evaluate (2 - (0 + 0) - 4) + 2.
0
Evaluate 9 - ((3 - (4 + -1)) + 4).
5
-2 - -4 - 1 - (1 + 0)
0
-1 - -4 - (2 + 4)
-3
(1 - -11 - 2) + -11
-1
Calculate 4 + 0 + -2 - (29 - 33).
6
What is -1 + -4 + 17 + -13 + 1?
0
What is 1 + (5 - 3 - 4) - 3?
-4
Calculate 1 + -5 - 1 - -6.
1
Calculate -11 - -5 - (4 - 13).
3
What is the value of 0 + (2 - 6) - -3?
-1
Evaluate (14 - 2) + (-10 - 0).
2
Evaluate -1 + (5 - (0 - -9)).
-5
What is the value of (2 - ((1 - -6) + 1)) + 2?
-4
-1 + 3 - (9 - (8 + -5))
-4
(-8 - -19) + -7 - 8
-4
What is 1 + -1 + 3 + -9 + 5?
-1
What is 6 + -4 + 2 + -1?
3
What is the value of ((-1 - 7) + 4 - -6) + -1?
1
Calculate (6 - -1) + (1 - (-6 + 9)).
5
-10 + 8 - (-3 - -1)
0
What is the value of 2 + (-1 + 3 - 1) + -2?
1
What is the value of -1 + -2 + (9 - (10 - 9))?
5
Evaluate (7 + 7 + -16 - -6) + -8.
-4
-1 + (0 - (4 + -9)) - 2
2
What is 4 - 7 - (1 + -10) - 7?
-1
Calculate 2 + 5 + 2 + -2 - 5.
2
What is the value of 2 - 0 - (-5 + 2)?
5
What is the value of -118 + 106 + -1 + (0 - -7)?
-6
What is the value of -10 - (-2 + -8) - -4?
4
What is the value of 1 + -1 + -2 + (-39 - -40)?
-1
Calculate 4 - (1 + 0 + 0) - -2.
5
Calculate 0 + (-3 - -3 - 6).
-6
What is -15 + 3 + -8 + 9?
-11
What is -4 - -1 - -8 - -4?
9
What is 3 + (-3 - -3 - 7)?
-4
Calculate 3 - 0 - (-3 - -2).
4
What is the value of (20 - 16) + -10 + 0 - 3?
-9
Evaluate -7 + (-6 - -9) + 2.
-2
-10 + (18 - 3) + (2 - 5)
2
6 + (-5 - -8) + 1 + -5
5
Evaluate (17 - 7 - 12) + 4.
2
What is 5 + (-3 - 2) + 0 + 2?
2
Calculate -2 - 6 - (-14 + 9).
-3
What is the value of 4 - ((1 - 2) + (-6 - -10))?
1
What is the value of (-3 - 2) + -15 + 16?
-4
What is the value of (0 - -1) + (0 - -2 - 1)?
2
What is 0 + 2 - (14 - 9)?
-3
Calculate (5 - 3) + 2 + 0 - 6.
-2
(5 - -1 - 9) + 2
-1
What is the value of (-2 - 1) + (-20 - -27)?
4
What is -1 + -2 - (-2 - 4 - -2)?
1
What is -6 + 12 + -4 + 3?
5
What is 2 + (8 + -12 - (1 - 4))?
1
-3 + 9 + (-3 - 0) - 1
2
6 + -4 + (2 - -1)
5
Evaluate 0 + -3 + -18 + 28.
7
What is (0 - -2) + (-4 - -12) - 6?
4
Calculate -4 + (-9 + 5 - -2).
-6
Calculate 3 + 4 + -2 + -4 - -1.
2
Calculate (-3 - -5) + -6 + 6 + -3.
-1
What is (1 - -2) + (-8 - -4)?
-1
Calculate -36 + 38 - (-1 + (1 - -8)).
-6
-3 + 4 + -3 - 3
-5
21 + -16 + (0 - (2 - -3))
0
What is 1 + 3 + 1 + -4?
1
Calculate -16 - -16 - (-12 - (4 + -9)).
7
Calculate -8 + 0 + 7 + (4 - 8).
-5
What is -7 + 4 + (8 - 0) + -3?
2
Calculate 0 + -8 + 5 + -4 + 7.
0
What is -13 - (-3 + 3) - -9?
-4
Evaluate -2 + -2 + 2 - (-14 + 6).
6
What is the value of -18 + 14 + (0 - (-2 - 1))?
-1
Calculate 0 + 2 - (-1 - -2).
1
Calculate (5 - (0 - 3)) + -17.
-9
5 + (-3 - 1 - -1)
2
What is the value of -3 - (-14 - -8) - (-1 + -3)?
7
-19 + 1 - (-139 - -126)
-5
(8 - 13 - -4) + -5
-6
Calculate -3 + (-1 + -5 - -6).
-3
Evaluate (-3 - 3) + 11 + 1 + -1.
5
What is the value of 6 - (1 - 1) - (-17 - -18)?
5
-12 - (13 + -18 + 3)
-10
Calcu